*c - 20. Does 83 divide z(-8)?
False
Let x(d) = 9*d - 9. Let a = -92 - -82. Let b be x(a). Let r = b + 185. Is 16 a factor of r?
False
Suppose -595328 - 311952 = -55*f. Does 59 divide f?
False
Is 75 a factor of 136/85 - (-84119)/35?
False
Suppose 9299 = 2*o + 3*l, 4*l - 3496 = -2*o + 5798. Is o a multiple of 93?
False
Suppose -5*n = f - 13 - 3, -8 = 2*n + 4*f. Suppose 2*z - 8 = -n. Suppose z*x - 5 + 3 = 0, -3*x + 103 = 2*i. Does 25 divide i?
True
Suppose -9*v - 3*k - 1448 = -11*v, -2*k = 4. Let l = -474 + v. Is 13 a factor of l?
True
Let p = -974 + 1403. Is 39 a factor of p?
True
Is -4 + (-253)/(-66) - (-102302)/12 a multiple of 31?
True
Suppose 976*j + 2030817 = 1139*j. Is j a multiple of 232?
False
Suppose 117 + 9905 = 5*a - 6568. Is 34 a factor of a?
False
Let m = -256 + 258. Suppose -m*k + 509 = -5*n, n + 8 = 13. Is k a multiple of 28?
False
Let h be -1 + 25/5 + 139. Let o = -47 + h. Is o a multiple of 19?
False
Suppose -2*p = -69 - 73. Let j = -68 + p. Suppose -j*q - q = -784. Is q a multiple of 14?
True
Let o(j) be the third derivative of j**5/60 - j**4/24 - 4*j**2. Let q be o(2). Suppose q*t = 9*t - 770. Does 8 divide t?
False
Suppose -54 = -4*d + 3*s + 12, -24 = -d - 3*s. Let w(u) = -u**2 + 22*u - 5. Is 18 a factor of w(d)?
False
Let g = -1 - -3. Suppose 4*j = -3*m + 358, 5*m - 388 = 2*m + g*j. Let v = -80 + m. Does 16 divide v?
False
Let o(p) = 2*p - 6. Suppose -5*f = -5*d - 840, d - 836 = -5*f + 5*d. Let x be f/10 - 26/65. Does 9 divide o(x)?
False
Let o be (1827/6)/((-5)/(100/15)). Let q = 750 + o. Does 8 divide q?
True
Suppose 272492 = -46*w + 1204544. Is 11 a factor of w?
True
Let n(q) = 6*q - 2. Let z be n(-1). Let o be (150/z)/((-4)/(-16))*-1. Suppose -o*x + 72*x + 246 = 0. Is 16 a factor of x?
False
Suppose 25*i + 271*i - 761904 = 0. Is 33 a factor of i?
True
Let m(x) = -x**2 + 9*x - 17. Let z = -3 + 19. Let i be m(z). Does 5 divide ((-8)/(-6))/(3 + i/45)?
True
Suppose 0 = -73*n + 2341 + 6565. Is 2 a factor of n?
True
Let y(i) = -i**2 - 2*i - 2. Let t be y(-1). Let n(a) = 36*a**2 + 36*a + 36. Does 36 divide n(t)?
True
Does 37 divide (0 - -3209)/1 + (-32 - -42)?
True
Let o = 1468 + -451. Let y = 1829 - o. Is 28 a factor of y?
True
Let l be (2/(-2))/((12/8)/(-3)). Suppose -f = -5*r + 4, -10 - 2 = -l*r + 3*f. Suppose 0 = -5*y - 3*w + 282, r = y + 2*w + w - 66. Does 9 divide y?
True
Suppose 0*s + s - 4*k = -20, -k + 5 = -3*s. Suppose s = -0*d - 3*d + z + 8, -4*d + 14 = 2*z. Suppose m - 44 = -3*u, u = m - d*u - 72. Is m a multiple of 14?
True
Suppose 2*f = 4*i + 12, 0*f - 3*f = -4*i - 18. Suppose 0 = f*d - 26 + 560. Is (d + -4 + 3)/((-9)/6) a multiple of 14?
False
Suppose 4*x = 7*x + 3, 5*c - x = 14956. Is 10 a factor of c?
False
Let c(q) = -3*q**2 - 16*q + 18. Let m be c(-11). Let z = 874 + m. Is z a multiple of 24?
False
Let g = 201 + -198. Suppose -5*m + 1760 = -m - g*z, -3*z + 2173 = 5*m. Is m a multiple of 21?
False
Let z(m) = 312*m**2 + 878*m + 5321. Is 7 a factor of z(-6)?
False
Suppose -5*a - 18564 = -26*a. Suppose -16*p = -12*p - a. Is 13 a factor of p?
True
Let x(s) = -13*s**2 + 8*s + 3. Let m be x(6). Let i = m - -769. Is 16 a factor of i?
True
Suppose 5*a - 60 = 5. Let i be 10 - (27/45 - (-2)/5). Suppose -a*v = -i*v - 264. Is 22 a factor of v?
True
Suppose 629913 + 39104 = 65*c - 373778. Is c a multiple of 61?
True
Let v(k) = -108*k + 128. Let y be v(-10). Let s = y - 689. Does 44 divide s?
False
Is 3656/7 - 408/1428 a multiple of 9?
True
Let m(n) be the first derivative of 2*n**4/3 - n**3/3 + n**2 + 5*n + 12. Let f(r) be the first derivative of m(r). Does 19 divide f(-2)?
True
Let l be (-70)/(-35) + 0/(-1) - 3707. Let s = -1 + -3. Is 13 a factor of l/(-26) - 2/s?
True
Suppose -4*d - 1357 = -3*i - 3*d, -922 = -2*i + 5*d. Does 7 divide (-228)/(-38) + (i - 2)?
True
Suppose 5*v = -3*p - 23, 46 = -6*p + 2*p + v. Let b(j) be the first derivative of -j**4/4 - 11*j**3/3 - 7*j**2/2 - 5*j + 1. Does 18 divide b(p)?
True
Suppose 26*b + 1064720 = 46*b. Is 23 a factor of b?
False
Let u be 24/((-56)/(-32) - 1). Suppose -u*a + 335 = -1009. Is 7 a factor of a?
True
Let c = -21 - -161. Let m be (120/c)/((-1)/(-21)). Suppose -m*d - 15 = -23*d. Is d a multiple of 3?
True
Let k(u) = u**2 + u. Let w(x) = -3*x**3 - 3*x**2 - 8*x - 4. Let i(g) = 4*k(g) + w(g). Let j be i(-1). Suppose -1125 = j*r - 13*r. Does 25 divide r?
True
Suppose 45*o = -2*o + 131694. Is 140 a factor of o?
False
Let q be (-5)/(15/998) + (-6)/(-9). Let d be (-4)/3 + q/(-6). Let k = -35 + d. Is 5 a factor of k?
False
Let o be -3*((-2344)/(-3))/(-8). Suppose x - l + 74 = 2*x, 4*x = -5*l + o. Suppose 605 - x = 4*h + k, -4*h = -5*k - 528. Is h a multiple of 11?
True
Suppose -9 + 15 = -3*r. Does 30 divide (-31213)/(-98) + 1 + 3/r?
False
Let o(r) = -2*r**2 + 30*r - 23. Let v be o(15). Does 4 divide 88/(v/230 - 2/(-4))?
True
Let y(v) = -12*v + 2. Let j be -1 + -1 - 0 - -3. Let z(t) = t. Let i(a) = j*z(a) + y(a). Is 5 a factor of i(-3)?
True
Let v be ((-12)/9)/(4/(-6)). Let x be ((-68)/6 + v)*-3*1. Suppose 26*t = 28*t - x. Is t a multiple of 4?
False
Let r(a) = 55*a**2 + 2. Suppose 0*y + 21 = 3*y. Let w = y + -8. Is 6 a factor of r(w)?
False
Does 4 divide (235 - 13) + (-5 - -17)?
False
Suppose 24 = 4*n - 5*m, -3*m - 12 = -0*m. Let z be (1 - -7) + 6 + (-1 - n). Suppose z*l - 14*l = -322. Is l a multiple of 23?
True
Let p be (-5)/(165/(-72)) + (-8)/44. Let g = p + 0. Suppose -g*o - 2 = -o, 0 = m + 2*o - 80. Is 14 a factor of m?
True
Let y = 96 + -91. Let s be (y + -5)/(2 - 0). Does 7 divide (1*-5 - s)*(0 + -8)?
False
Let g(n) = -2*n - 12. Let b be g(-7). Let k = 32 - 30. Does 26 divide 408/(2 + k) - b?
False
Let g(x) = -266*x**2 + 0 - 6 - 4 + 39*x**2 + x. Let f(y) = 680*y**2 - 4*y + 29. Let n(w) = 4*f(w) + 11*g(w). Is n(1) a multiple of 56?
True
Suppose 69*m = k + 66*m - 4614, 0 = 3*k + 4*m - 13933. Does 63 divide k?
False
Let f(i) = 2303*i**2 + 13*i + 14. Does 3 divide f(-1)?
True
Let j(n) = 17*n - 20. Suppose m - 75 = 2*m + 5*g, -4*m - 215 = 3*g. Let z = -42 - m. Does 47 divide j(z)?
False
Let m(i) = -i**2 + 16*i - 57. Let v be m(7). Is -5 + v/12*428 a multiple of 11?
True
Let l be 3/(-5) - (-126)/10. Let y be 1/4 + (-3)/l. Suppose 3*r - 4*g - 328 = y, -g = -4*r - 3*g + 408. Is r a multiple of 17?
False
Suppose -6*s + n - 12934 = -8*s, -19380 = -3*s + 2*n. Is 101 a factor of s?
True
Let k = -13144 - -20974. Is 90 a factor of k?
True
Let w = -5421 + 11576. Does 120 divide w?
False
Let w(i) = i**3 + 14*i**2 + 22*i + 56. Let x be w(-12). Is (-818)/(-10) - (-16)/x even?
True
Let q = -1296 - -1967. Let b = q - 552. Does 10 divide b?
False
Let h(l) = 25*l**2 - 10*l + 78. Is 14 a factor of h(6)?
False
Suppose 25*l - 54911 - 7167 = 292922. Does 69 divide l?
False
Let y(s) = 8*s**2 - 215*s - 132. Is 33 a factor of y(34)?
False
Let y = -1788 + 1793. Let o(n) = 3*n**2 + 0 + 8 + 4 - 9*n. Is o(y) a multiple of 14?
True
Let s(v) = v. Let p be s(2). Suppose -2*x = -5*g + 21, p*x - x - 7 = -g. Suppose -x*l + 252 = 2*l. Is 16 a factor of l?
False
Let f = 39 + -39. Suppose -w + 2*v + f*v = -473, -w + 4*v = -467. Suppose 3*h + w = 3*m - h, 177 = m + 3*h. Does 11 divide m?
True
Let x(o) = -o**3 + 3*o**2 + 5*o - 1. Let c be x(4). Suppose -9 + 11 = n. Suppose -c = 3*g - 0, -267 = -n*u + 3*g. Is 12 a factor of u?
True
Let x be 1 + (-4)/2*(111 + -8). Is (1 - x)*1 + 18/6 a multiple of 11?
True
Let o(h) = 5*h + 37. Let a be o(-7). Suppose a*j - 6*j = 4*f, -3*f = 0. Suppose -4*n = -2*t + 192 - 888, 5*n + 3*t - 881 = j. Is 35 a factor of n?
True
Suppose -5*a = -2*z - 53, 6*a - 10*a + 3*z = -48. Let x = a - -1. Does 4 divide x?
False
Let x(b) = -7*b**2 + 6*b + 3. Let p be x(8). Let j = 418 + p. Does 7 divide j?
True
Suppose -3*s + 9 = 3*f, 3*f + 3*s - 8 = s. Is 65 a factor of ((-3)/(-6) - f)/(1/(-454))?
False
Let w be 520/208 + 3/2. Let r(t) be the second derivative of 11*t**4/12 + 2*t**3/3 - 6*t**2 - t. Is 30 a factor of r(w)?
True
Suppose 0 = -11*g + g + 150. Suppose g*a = -4*a + 15048. Does 11 divide a?
True
Let o(k) = 9114*k + 439. Does 11 divide o(1)?
False
Let k be 67 + ((-2)/9 - 190/(-45)). Let m = k + -53. Is 9 a factor of m?
True
Let r = -20 - 5. Let q = 16 + r. Let f(u) = -5*u - 26. Is f(q) a multiple of 17?
False
Let i(j) be the second derivative of -j**4/12 + 25*j**3/6 - 25*j**2 - 40*j - 2. Is 